{"id":11,"date":"2026-04-20T21:17:54","date_gmt":"2026-04-20T21:17:54","guid":{"rendered":"https:\/\/2sky.ro\/?page_id=11"},"modified":"2026-04-20T21:17:54","modified_gmt":"2026-04-20T21:17:54","slug":"latest-cosmic-portraits","status":"publish","type":"page","link":"https:\/\/2sky.ro\/index.php\/latest-cosmic-portraits\/","title":{"rendered":"Latest Cosmic Portraits"},"content":{"rendered":"\n<p><code>\n<div class=\"mra-list-wrapper mra-list-cols-3\">\n\n    \n        <div class=\"mra-list-grid\">\n                        <article class=\"mra-list-card mra-card-has-portrait\">\n\n                                    <!-- Portrait thumbnail -->\n                    <div class=\"mra-list-card-thumb\">\n                        <a href=\"https:\/\/2sky.ro\/index.php\/reading\/victor-20080813-u8drx\/\">\n                            <img decoding=\"async\" src=\"https:\/\/2sky.ro\/wp-content\/uploads\/2026\/04\/mystic-portrait-victor-1776718187.png\"\n                                 alt=\"Mystic Portrait \u2014 Victor\"\n                                 loading=\"lazy\" \/>\n                        <\/a>\n                        <span class=\"mra-list-card-sign\">\u2653<\/span>\n                    <\/div>\n                \n                <div class=\"mra-list-card-body\">\n\n                    <div class=\"mra-list-card-meta\">\n                        <span class=\"mra-list-card-flag\">\ud83c\uddf7\ud83c\uddf4<\/span>\n                        <span class=\"mra-list-card-date\">18 Apr 2026<\/span>\n                                                    <span class=\"mra-list-badge mra-list-badge-gold\">\u2726 Portrait<\/span>\n                                            <\/div>\n\n                    <h3 class=\"mra-list-card-title\">\n                        <a href=\"https:\/\/2sky.ro\/index.php\/reading\/victor-20080813-u8drx\/\">Victor &#8211; Talismanul Destinului Spiritual<\/a>\n                    <\/h3>\n\n                                            <p class=\"mra-list-card-excerpt\">Victor, c\u0103l\u0103toria ta esoteric\u0103 este o tapiserie fascinant\u0103 de simboluri \u0219i semne cosmice. Cu Soarele str\u0103lucind \u00een Leu, e\u0219ti binecuv\u00e2ntat cu o inim\u0103 nobil\u0103 \u0219\u2026<\/p>\n                    \n                    <a href=\"https:\/\/2sky.ro\/index.php\/reading\/victor-20080813-u8drx\/\" class=\"mra-list-card-btn\">\n                        View Full Reading \u2726                    <\/a>\n\n                <\/div><!-- .mra-list-card-body -->\n\n            <\/article>\n                    <\/div><!-- .mra-list-grid -->\n\n        \n    \n<\/div><!-- .mra-list-wrapper -->\n<\/code><\/p>\n\n\n\n<p><\/p>\n","protected":false},"excerpt":{"rendered":"","protected":false},"author":1,"featured_media":0,"parent":0,"menu_order":0,"comment_status":"closed","ping_status":"closed","template":"","meta":{"footnotes":""},"class_list":["post-11","page","type-page","status-publish","hentry"],"_links":{"self":[{"href":"https:\/\/2sky.ro\/index.php\/wp-json\/wp\/v2\/pages\/11","targetHints":{"allow":["GET"]}}],"collection":[{"href":"https:\/\/2sky.ro\/index.php\/wp-json\/wp\/v2\/pages"}],"about":[{"href":"https:\/\/2sky.ro\/index.php\/wp-json\/wp\/v2\/types\/page"}],"author":[{"embeddable":true,"href":"https:\/\/2sky.ro\/index.php\/wp-json\/wp\/v2\/users\/1"}],"replies":[{"embeddable":true,"href":"https:\/\/2sky.ro\/index.php\/wp-json\/wp\/v2\/comments?post=11"}],"version-history":[{"count":1,"href":"https:\/\/2sky.ro\/index.php\/wp-json\/wp\/v2\/pages\/11\/revisions"}],"predecessor-version":[{"id":12,"href":"https:\/\/2sky.ro\/index.php\/wp-json\/wp\/v2\/pages\/11\/revisions\/12"}],"wp:attachment":[{"href":"https:\/\/2sky.ro\/index.php\/wp-json\/wp\/v2\/media?parent=11"}],"curies":[{"name":"wp","href":"https:\/\/api.w.org\/{rel}","templated":true}]}}